(10).
195
Let x(j) = -j**3 + 29*j**2 + 337*j + 20. Calculate x(-9).
65
Let p(n) = 1056*n - 15851. Determine p(15).
-11
Let g(i) = -10*i**2 - 26*i + 23. What is g(4)?
-241
Let k(t) = t**3 + 2*t**2 - 7*t - 8. What is k(6)?
238
Let u(v) = 814*v - 24462. Give u(30).
-42
Let r(g) = 3*g**2 - 65*g + 470. What is r(7)?
162
Let l(f) = -f**2 - 38*f + 693. Give l(13).
30
Let m(u) = -u**3 + 10*u**2 + 207*u + 7. What is m(-10)?
-63
Let m(p) = p**3 + 19*p**2 - 798*p + 357. Determine m(20).
-3
Let g(p) = 2*p**3 + 21*p**2 + 20*p + 16. Determine g(-8).
176
Let t(m) = 48*m + 618. What is t(-10)?
138
Let t(a) = -110*a - 540. Determine t(-5).
10
Let w(h) = -2*h**3 - 32*h**2 + 11*h + 144. What is w(-16)?
-32
Let u(k) = -k**3 - 20*k**2 + 75*k - 110. Calculate u(-24).
394
Let d(y) = y**2 - 96*y + 2112. What is d(32)?
64
Let s(i) = -18*i**2 - 519*i - 423. Give s(-28).
-3
Let d(n) = 125*n - 2507. Calculate d(20).
-7
Let l(h) = -2*h**2 - 13*h - 4. Give l(3).
-61
Let n(u) = -10*u**2 + 2500*u + 10. Determine n(250).
10
Let u(x) = -18*x + 41. Determine u(9).
-121
Let f(x) = 1035*x + 3109. Determine f(-3).
4
Let i(o) = o**2 + 22*o + 116. What is i(-10)?
-4
Let m(d) = d**3 + 18*d**2 - 65*d - 1651. Calculate m(-15).
-1
Let g(j) = -14*j**2 + 84*j + 3. Determine g(6).
3
Let c(d) = 4*d + 151. Calculate c(-27).
43
Let s(b) = b**2 - 3*b + 85. What is s(-17)?
425
Let m(j) = 2*j**3 + 31*j**2 - 134*j + 14. What is m(-19)?
33
Let p(u) = 1540*u + 6122. Determine p(-4).
-38
Let f(w) = -92*w - 2205. Calculate f(-24).
3
Let w(i) = i**3 - 94*i**2 + 94*i - 72. Calculate w(93).
21
Let x(i) = i**3 - 60*i**2 + 678*i + 12. Determine x(13).
883
Let w(a) = -9*a**3 - 4*a**2 + 4*a - 4. Determine w(-3).
191
Let b(h) = -2*h**2 - 6*h - 77. Give b(-7).
-133
Let v(n) = -8*n**2 - 101*n - 17. What is v(-16)?
-449
Let s(d) = 18*d - 653. What is s(45)?
157
Let b(y) = -5*y + 227. Give b(41).
22
Let f(q) = -7*q**2 - 14*q + 4. Give f(-2).
4
Let u(t) = 9*t**3 - 12*t**2 - 25*t. Determine u(-2).
-70
Let d(c) = 632*c + 22124. Calculate d(-35).
4
Let s(a) = -9*a**3 - 7*a**2 + 5*a - 5. What is s(2)?
-95
Let h(z) = -z**2 - 31*z - 242. Determine h(-16).
-2
Let q(k) = k**2 - 39*k + 351. Determine q(26).
13
Let i(c) = -3*c**2 + 33*c - 48. Calculate i(10).
-18
Let k(i) = i**2 + 19*i - 115. Give k(-24).
5
Let a(o) = -o**3 - 11*o**2 - 23*o - 29. Calculate a(-9).
16
Let g(t) = t + 73. What is g(-41)?
32
Let d(m) = 3*m**3 + 18*m**2 - 25*m + 111. Give d(-8).
-73
Let t(p) = 3*p + 156. Determine t(-50).
6
Let r(v) = -v**3 + 106*v**2 + v - 373. Give r(106).
-267
Let j(d) = -2341*d + 30439. Calculate j(13).
6
Let t(x) = -x**3 - 62*x**2 - 49*x + 782. Give t(-61).
50
Let t(a) = a**3 - 45*a**2 + 3*a - 59. What is t(45)?
76
Let b(y) = 457*y - 911. What is b(2)?
3
Let j(s) = 138*s - 829. Give j(8).
275
Let z(t) = -107*t**3 - 6*t**2 + 18*t - 6. What is z(2)?
-850
Let n(s) = -2*s**2 - 146*s + 1. Determine n(-72).
145
Let k(b) = -b**2 + 18*b - 73. Determine k(11).
4
Let m(d) = -262*d - 2078. Determine m(-8).
18
Let s(k) = -k**3 - 37*k**2 - 2*k - 16. Calculate s(-37).
58
Let n(s) = -37*s**2 + s - 1. What is n(-1)?
-39
Let t(r) = r**3 - 21*r**2 - 21*r - 20. Give t(22).
2
Let y(x) = 16*x**3 + 898*x**2 + 113*x + 69. What is y(-56)?
13
Let c(l) = -l**2 + 194*l + 1191. Determine c(-6).
-9
Let s(o) = o**2 - 29*o + 145. Determine s(6).
7
Let w(x) = -2*x**2 + 65*x - 166. Give w(29).
37
Let s(o) = -o**3 - 14*o**2 + 11*o - 90. Calculate s(-15).
-30
Let p(r) = -28*r - 158. Give p(-5).
-18
Let q(u) = -281*u + 4771. Give q(17).
-6
Let o(c) = c**2 + c + 49. What is o(7)?
105
Let w(j) = 22*j**2 + 95*j + 22. Calculate w(-5).
97
Let f(w) = 5*w**3 - 22*w**2 + 4*w + 274. Give f(0).
274
Let q(g) = -77*g**2 - 7007*g + 38. Determine q(-91).
38
Let x(w) = 3*w**3 - 5*w**2 + 7*w + 3. Calculate x(3).
60
Let x(d) = -19*d**3 - 42*d**2 + 7*d + 19. What is x(-2)?
-11
Let m(j) = 2*j**3 + 10*j + 28. Calculate m(-2).
-8
Let i(t) = -t**3 - 44*t**2 - 34*t + 381. Calculate i(-43).
-6
Let y(c) = 455*c - 30476. What is y(67)?
9
Let m(f) = 10*f - 93. Calculate m(13).
37
Let m(c) = 2*c**3 + 331*c**2 + 159*c - 1020. What is m(-165)?
-30
Let v(o) = 3*o**2 - 442*o + 3070. Calculate v(140).
-10
Let p(x) = -36*x - 1161. What is p(-32)?
-9
Let c(v) = 40*v**2 - 2*v - 1. Calculate c(1).
37
Let a(p) = -1110*p + 6639. What is a(6)?
-21
Let y(k) = k**3 - 14*k**2 - 6*k - 41. Give y(14).
-125
Let j(i) = 715*i + 137. Determine j(0).
137
Let q(a) = a**2 + 5*a - 118. What is q(8)?
-14
Let w(f) = f**3 - 12*f**2 - 63*f - 18. Calculate w(16).
-2
Let s(u) = 171*u + 8529. What is s(-50)?
-21
Let k(f) = f**3 - 32*f**2 - 59*f - 48. Determine k(34).
258
Let g(b) = 2*b**3 + 2*b**2 - 4*b - 6. Determine g(-4).
-86
Let q(v) = v**2 + 23*v + 61. What is q(-7)?
-51
Let f(z) = -z**2 + 9*z + 143. Give f(16).
31
Let v(u) = 1731*u - 16. What is v(0)?
-16
Let y(k) = -3963*k - 15819. Determine y(-4).
33
Let x(f) = -98*f**2 - 3*f + 17. Determine x(-2).
-369
Let u(b) = -12*b**2 - 19*b + 18. Determine u(1).
-13
Let n(x) = 5*x + 156. Determine n(-29).
11
Let b(g) = -8027*g + 32110. Calculate b(4).
2
Let a(k) = 2*k**2 - 10*k + 82. What is a(0)?
82
Let n(y) = 468*y + 4210. Calculate n(-9).
-2
Let x(a) = -24*a + 155. What is x(6)?
11
Let s(m) = 210*m + 3577. Give s(-17).
7
Let p(y) = -y**2 - 71*y - 1210. Give p(-42).
8
Let z(g) = 8*g**2 - 96*g - 4. Calculate z(8).
-260
Let l(f) = -f**3 - 20*f**2 + 10*f + 228. What is l(-17)?
-809
Let d(x) = 24*x - 58. Give d(6).
86
Let t(a) = -187*a - 1687. Calculate t(-9).
-4
Let t(o) = o**3 - 24*o**2 - 69*o + 1651. What is t(24)?
-5
Let w(h) = 12*h - 105. Calculate w(7).
-21
Let v(r) = r**2 + 65*r - 2844. Give v(30).
6
Let k(q) = -34*q - 1416. Calculate k(-45).
114
Let z(n) = 3*n**2 + 21*n + 38. What is z(-3)?
2
Let i(z) = z**2 - 5*z + 15. What is i(6)?
21
Let m(o) = 13*o - 82. Give m(13).
87
Let a(j) = 7*j**3 + 9*j**2 + 53*j + 17. Determine a(-4).
-499
Let q(k) = -41*k - 45. Calculate q(11).
-496
Let x(r) = -5*r**2 + 4*r + 1. Give x(-6).
-203
Let a(t) = -77*t - 34. What is a(-1)?
43
Let n(y) = 99*y + 62. What is n(-2)?
-136
Let f(v) = -5*v**2 + 9*v - 32. Determine f(5).
-112
Let v(i) = -110*i + 2175. Calculate v(20).
-25
Let w(p) = p**2 + 33*p + 80. Calculate w(-31).
18
Let m(g) = g**3 - 84*g**2 + 236*g + 510. Determine m(81).
-57
Let d(x) = -x**2 - 20*x + 4. What is d(-18)?
40
Let m(x) = -x**3 + 25*x**2 + 21*x + 1. Calculate m(26).
-129
Let j(t) = 9*t + 619. Determine j(-68).
7
Let b(g) = -2*g**2 + 48*g + 434. Determine b(-7).
0
Let q(p) = p**2 + 88*p + 1917. Give q(-49).
6
Let s(r) = 2*r**3 - 26*r**2 - 280*r + 2. What is s(-7)?
2
Let s(p) = p**3 - 28*p**2 - 30*p + 15. What is s(29)?
-14
Let p(r) = r**2 + 13*r + 4. Determine p(-8).
-36
Let n(a) = 388*a - 17464. Give n(45).
-4
Let g(c) = -25*c**2 - 9*c + 21. What is g(3)?
-231
Let w(r) = -r**3 + 19*r**2 + 41*r - 17. Determine w(21).
-38
Let r(o) = o**3 + 13*o**2 + 8*o + 21. Calculate r(-13).
-83
Let f(h) = 2352*h + 65868. Calculate f(-28).
12
Let n(k) = -k**2 + 2*k + 257. Calculate n(25).
-318
Let g(d) = 71*d + 1063. Calculate g(-15).
-2
Let h(b) = -31*b - 36. Calculate h(1).
-67
Let b(q) = 9*q**2 + 63*q - 69. Calculate b(-8).
3
Let h(c) = 11*c - 94. Calculate h(8).
-6
Let m(p) = -2*p**2 - 599*p - 4093. Determine m(-7).
2
Let l(a) = 4*a**2 + 189*a - 10. Calculate l(-47).
-57
Let p(d) = -2*d**3 + 77*d**2 - 60*d + 837. Calculate p(38).
1
Let m(r) = -3*r**3 - 2*r**2 + 11*r + 11. Determine m(-4).
127
Let v(s) = -2242*s + 2240. What is v(1)?
-2
Let t(b) = b**3 + 34*b**2 + 185*b + 1126. Give t(-29).
-34
Let c(i) = 141*i - 204. Give c(-3).
-627
Let w(y) = -3*y**2 + 849*y - 1704. Give w(2).
-18
Let p(h) = -2*h**3 - 17*h**2 - 22*h - 5. Determine p(-7).
2
Let v(z) = 29*z + 36. Calculate v(6).
210
Let m(s) = -9*s + 195. Give m(-38).
537
Let y(o) = 306*o**2 + 137*o - 277. What is y(2)?
1221
Let o(z) = -z**2 + 5*z + 14. Give o(17).
-190
Let q(s) = 2*s**3 - 42*s**2 + 8*s + 43. Give q(20).
-597
Let k(f) = -2*f**2 + 238*f + 3138. Give k(-12).
-6
Let q(j) = -j**3 - 3*j**2 - 10*j - 49. What is q(-4)?
7
Let x(r) = 6*r + 226. What is x(-37)?
4
Let n(p) = -2*p**2 - 19*p - 40. Determine n(4).
-148
Let o(d) = 166*d + 42673. Give o(-257).
11
Let b(q) = 3*q**2 + 14*q + 47. Give b(-9).
164
Let u(l) = 2*l**3 + 6*l**2 + 34*l + 371. Calculate u(-9).
-907
Le